t l be (484/6)/(b/3). What is the highest common divisor of l and 22?
22
Let j = -5 - -11. Suppose -j*w + 14 + 76 = 0. Calculate the highest common divisor of 120 and w.
15
Suppose 33*l - 33 = 66. Let i(u) = -3*u. Let r be i(-3). What is the highest common divisor of l and r?
3
Let r = 27 - 12. Suppose r + 50 = 5*g. What is the highest common factor of g and 104?
13
Let w(o) = -o**3 - 7*o**2 - 5*o + 6. Let l be w(-6). Suppose 1030 = 4*b + b + 2*h, h - 5 = l. Let i = b - 124. Calculate the highest common divisor of i and 16.
16
Let g(b) be the second derivative of b**4/6 - 13*b**3/6 + 2*b**2 + 10*b. Let y be g(9). Let n = 79 - y. Calculate the greatest common factor of 75 and n.
15
Let c(b) = -b**3 - 10*b**2 - 16*b + 15. Let v be c(-8). What is the highest common divisor of 135 and v?
15
Let z = 412 + -380. Calculate the highest common factor of 1 and z.
1
Let i = -252 + 260. Calculate the highest common divisor of 8 and i.
8
Let n(k) = k**2 - 6. Let s = -29 - -32. Let r be n(s). Calculate the highest common factor of 21 and r.
3
Let x(m) = 29*m - 193. Let j be x(9). Calculate the greatest common divisor of j and 51.
17
Suppose -2*j + 15 = o - 0, -4*o = 4*j - 24. Suppose 0 = 2*c - 4*c + 126. What is the highest common divisor of c and j?
9
Let d be (300/18)/((-8)/9 - -1). Let g be 1*3*d/45. What is the greatest common factor of 4 and g?
2
Suppose 0 = -2*u - k + 9, -4*u - 28*k = -30*k - 30. Suppose 0 = -0*c - 3*c + 72. Calculate the highest common divisor of c and u.
6
Let j(b) = -b**3 - 18*b**2 + 9*b - 15. Let q = 130 - 149. Let d be j(q). What is the highest common divisor of 25 and d?
25
Let b be 7*5 - (19 - 26). What is the greatest common divisor of b and 70?
14
Let c be 18*9/18 - -382. What is the greatest common factor of c and 17?
17
Suppose 5*n = 12 - 62. Let w(s) = -s**3 - 10*s**2 - 4*s + 10. Let f be w(n). Suppose 2*u = -4*u + 120. What is the greatest common divisor of f and u?
10
Suppose -4*v - 4*h + 203 = -41, -2*h = -2*v + 134. Suppose -24 = 4*d, -5*d = 2*k - 76 + 90. What is the highest common divisor of v and k?
8
Let f be (-1)/(2 + (-435)/216). Suppose -13 - 11 = -h. Calculate the greatest common factor of f and h.
24
Suppose 4*o = -12*o + 160. What is the greatest common factor of 70 and o?
10
Let m be 8/6 - 6/(-18)*203. What is the greatest common divisor of 23 and m?
23
Suppose 24*z - 43*z = -5358. Calculate the greatest common divisor of z and 1269.
141
Let c(h) = 2*h - 5. Let z be c(7). Let r = -25 - -33. Suppose -r + 44 = 12*n. What is the highest common divisor of n and z?
3
Let n be (1/(-1))/((-3)/72). Suppose -6*t = n - 96. Calculate the greatest common divisor of t and 32.
4
Suppose -7*c - 832 = -11*c. Let v = -118 + c. Let i be 12 - ((0 - -1) + 1). Calculate the highest common divisor of v and i.
10
Suppose -p + 5 = 2*q - 14, 0 = -q + 5*p - 7. Let l be (q + -10)/(2/(-27)). Calculate the greatest common factor of l and 9.
9
Let s(f) = -2*f**3 + 2*f**2 + 6*f + 1. Let p be s(-3). Calculate the greatest common factor of 880 and p.
55
Suppose 9*p = -0*p + 360. Suppose 3*v - v - p = 0. Suppose 4*a + 0*o = 3*o + 38, 2*a = 5*o + 26. What is the highest common factor of a and v?
4
Let a be 4/6 + 13/3. Let n be (8/a)/(12/30). Suppose -t - 4*t + 16 = n*d, -4*d = 3*t - 16. What is the highest common divisor of 32 and d?
4
Suppose 25*w + w = 208. Suppose l = 4 + 8. What is the greatest common divisor of l and w?
4
Let u be ((-18)/(-8))/((-4)/(512/(-3))). Let x(f) = -f**3 + 6*f**2 + 5*f + 2. Let j be x(6). Calculate the greatest common factor of j and u.
32
Suppose 0 = 68*f - 10486 + 1102. What is the greatest common factor of f and 46?
46
Let r = -12 - -8. Let q = r - -14. Let p = 8 + q. What is the highest common factor of p and 180?
18
Let t be 379/3 - (-2)/3. Let z = t + -47. Suppose -5*p + 0*p + 50 = 0. What is the highest common divisor of z and p?
10
Let q be 2/8*(-2 - -4)*36. Let g be (1 + (-3)/9)/(6/q). Suppose -b = -0*b - 8. Calculate the highest common divisor of b and g.
2
Let z(w) = 897*w**3 + w**2 - w - 1. Let o be z(1). What is the greatest common divisor of o and 7?
7
Let f = 128 - 128. Suppose f = -6*l + 34 + 26. What is the highest common factor of l and 80?
10
Let t(p) = p**3 - 16*p**2 - 18*p + 18. Let r be t(17). Suppose 5*j = -5*h + 75, 3*h - 5*j + r = 38. What is the highest common divisor of h and 154?
14
Suppose 5*y - 5*v - 5 = 0, 3*y = 7*y - v - 1. Suppose -2*d + 0*d + 90 = y. Let m be (d/2)/((-15)/(-20)). What is the highest common factor of 45 and m?
15
Let r = -5 - -41. Let o(q) = q**2 - 2*q + 1. Let v = 5 - 1. Let j be o(v). Calculate the greatest common divisor of j and r.
9
Suppose 2*r = -10, 4*k + k - 4*r = 5. Let c be -1 - (18 - (0 - k)). Let t be (-108)/10*40/c. What is the greatest common factor of t and 216?
27
Let i = 874 + -688. What is the highest common divisor of 682 and i?
62
Let j(n) = -98*n + 522. Let f be j(-11). Calculate the highest common divisor of 50 and f.
50
Suppose 2*k + 290 = 3*w - 56, -4*k + 562 = 5*w. Suppose -w = -4*g - 106. What is the highest common factor of g and 7?
1
Suppose 0 = -4*f + 2*b - 60, 0*b + 4*b - 3 = -f. Let i = f + 8. Let z be (-9)/((-45)/(-26))*i. What is the greatest common factor of z and 156?
26
Suppose 0 = -12*n + 7*n + 80. What is the greatest common factor of n and 88?
8
Let s be 1*36*(-4)/(-8). Suppose 5*u + 0*d + 2*d = -54, -40 = 5*u - 5*d. Let k be -1 + 21 - u/(-5). What is the highest common factor of k and s?
18
Let x(q) = 2*q + 8. Let l be x(0). Suppose -3*z + 4*z = 0. Let a be (72 - z)/(0 - -1). Calculate the greatest common factor of a and l.
8
Let a be (-25)/(-2)*(11 + -9). Let d = -5 + 5. Suppose -o = -d - 10. What is the highest common factor of o and a?
5
Suppose -2*o - 1 + 4 = 3*g, 0 = 4*o + 4*g - 8. Suppose 0*z + 3 = z, -c + z = o. Suppose c = -9*m + 12*m - 102. What is the highest common factor of 17 and m?
17
Let j(g) = -60*g - 179. Let p be j(-5). What is the highest common factor of p and 44?
11
Let d be (-3 + -2 + 28/4)*4. Suppose -7 + 71 = d*j. Suppose 0 = 3*y - 4*y + 4. Calculate the highest common divisor of j and y.
4
Suppose -2*b - 20 = -5*p, 3*p = 5*p - 5*b - 8. Let n = p - -18. Calculate the highest common factor of 55 and n.
11
Let r = 834 + -470. Calculate the highest common factor of 39 and r.
13
Let p be ((-3)/(-6))/((-6)/(-264)). Suppose -q = -2*q + p. Calculate the greatest common divisor of 11 and q.
11
Let j(q) = q**2 - 10*q + 39. Let p be j(5). Calculate the highest common factor of p and 21.
7
Let j be 1 + (-3)/(-6)*1486. Let s = j - 271. Suppose 55 + s = 3*r. What is the greatest common divisor of r and 22?
22
Let s(y) = y**3 - 3*y**2 + 8*y - 18. Let k be s(5). Calculate the greatest common divisor of 24 and k.
24
Let n(p) = 2*p**2 + 4*p - 21. Let j be n(13). Suppose -2*c - 72 = 5*k - 279, k - 5*c = 36. What is the highest common divisor of j and k?
41
Suppose 6 = -3*y, 5*q = 3*y + 2 + 9. What is the highest common factor of q and 2?
1
Let g(z) = -3*z - 9. Let i be g(-6). Let r be ((-8)/(-16))/((-1)/(-10)). Suppose -r*f + 360 = -0*f. Calculate the highest common factor of f and i.
9
Suppose 15*x - 30 = 9*x. Suppose -4*f + 6*f - 14 = -x*z, 5*f - 4*z - 2 = 0. What is the highest common factor of 14 and f?
2
Let v(i) = -i**3 + 6*i**2 + 4. Let m = 27 + -30. Let t be v(m). What is the highest common factor of 17 and t?
17
Suppose 0 = 3*c - 8*c + 575. Let a(w) = w**3 + 9*w**2 - 3*w. Let g be a(-4). Suppose -o = o - g. What is the greatest common divisor of c and o?
23
Suppose 5*q + 5 = -5*b, 5*q + 3 = -4*b - 0*b. Let v be ((-4)/(-8))/(q/28). What is the greatest common divisor of 2 and v?
2
Suppose 2*w + 30 = 4*z, 0 = -2*w + 3*w + 4*z - 3. Let v be 8/(24/w) - -9. What is the highest common factor of 42 and v?
6
Suppose 6 = p + 4*p + 2*x, 2 = 4*p + 3*x. Let i be -3*(2 + -3) + 0. Let r be (i/p)/(7/14). What is the greatest common factor of r and 12?
3
Let w(t) = 14*t**3 + 2*t**2 + t - 2. Let h be w(1). Calculate the highest common factor of 20 and h.
5
Suppose -3*n + m = 6*m + 5, 2*n = 3*m + 3. Suppose n*j + 35 = j. Calculate the greatest common divisor of j and 5.
5
Suppose 4*a - 192 = -0*a. Let l = 36 - 36. Suppose l = -4*b + 21 + 3. What is the highest common factor of b and a?
6
Let u be (-4)/8*4 - -108. Suppose 2